e of h**5/10 + h**4/4 + h**3/3 + h**2/2 - 4*h + 1. Let v(z) be the first derivative of y(z). Calculate v(-2).
-7
Let f(n) be the second derivative of n**3/6 - n**2 - 29*n. What is f(2)?
0
Let b(n) be the first derivative of n**4/4 + n**3 - 3*n**2 - 5*n + 1. Calculate b(-4).
3
Let h(c) = c + 9. Let n(u) = -2*u - 12. Let g(s) = -s - 17 - 8 - 2*s - s. Let a(w) = 2*g(w) - 5*n(w). Let p(o) = 2*a(o) - 3*h(o). Determine p(5).
-2
Suppose 10 + 6 = 4*b. Suppose 0*k + 3*v - 20 = -b*k, k - 5 = -3*v. Let j(d) = -d + 7 + 0*d + 0*d. What is j(k)?
2
Let q(p) be the third derivative of -p**5/60 - p**4/6 + 7*p**3/6 - 2*p**2. Let l be q(-6). Let d(w) = -w**2 - 5*w - 1. What is d(l)?
-1
Let k(l) = l**2 + l - 6. Let w be k(0). Let y(j) = j**3 + 6*j**2 + j + 6. Calculate y(w).
0
Let n(m) = m**3 + 9*m**2 - 9*m + 11. Let y be n(-10). Let i(h) = -2*h - 1. Calculate i(y).
-3
Let o(y) = y**2 + y - 4. Let w be 1*7 + 1 + -4. Give o(w).
16
Let s = -8 + 3. Let a(c) = c + 6. Calculate a(s).
1
Let c(z) = 1 - 2 - z - 1. Suppose 0 = -d - 2*y - 5 - 2, y = 5*d - 20. Give c(d).
-5
Suppose 0 = -5*o - o. Suppose 5*m - 15 = 0, 3*f + 2*m = -m + 15. Let s(n) = 2 + 6 + 3*n**2 - 2*n**f. What is s(o)?
8
Let l(g) = 3*g**2 + 2*g + 4 + 2*g - g**3 - 6*g. Determine l(3).
-2
Suppose 0 + 9 = 3*h. Suppose g + 9 = -h*a, -12 = 4*a - 4*g + 2*g. Let i be (16/(-12))/(2/a). Let b(x) = -x + 1. Give b(i).
-1
Let x(h) = h**2 + 5*h + 6. Let p(o) = -o**3 + o**2 + o. Let a be p(0). Let f be (1 - a)/((-6)/12). Let s = f + -3. Determine x(s).
6
Suppose 2*g - u - 55 = 0, -g + 2*g = -3*u + 31. Let i = -20 + g. Let b(m) = -m + 8. Let o be b(i). Let d(n) = n**3 - n + 3. What is d(o)?
3
Let o(p) be the third derivative of p**5/60 + p**4/4 + p**3 + 6*p**2. Determine o(-4).
-2
Suppose 23 = 3*i + 5. Suppose 0 = 2*l - i + 4. Let z(f) = 13*f**2. Calculate z(l).
13
Let h = 2 - -1. Let r be (h/(-6))/((-2)/(-4)). Let d be ((-1)/(-1) - r) + 3. Let j(m) = m**2 - 7*m + 6. Give j(d).
-4
Let q(h) = h - 4. Let b be (-4 - -2) + (-1 - -9). Suppose -3*v + 24 = b. Let n be 26/v - (-2)/3. What is q(n)?
1
Let y(d) = -2*d + d - 1 - 1 - 4*d. Determine y(2).
-12
Let v(y) = -y + 5. Let k = 35 - -47. Suppose 35 = 2*x + o - 6*o, 4*x + 2*o = k. Suppose z = 3*h - 0*h + x, 4*h + 30 = 2*z. Determine v(z).
0
Let f(q) be the third derivative of q**7/2520 - 7*q**6/720 + q**5/60 + q**4/8 - 3*q**2. Let r(n) be the second derivative of f(n). Determine r(6).
-4
Let f = 233 + -326. Let k be 2/8 - f/12. Let c = 3 - k. Let d(l) = -l - 12. Determine d(c).
-7
Let g(a) = -7*a**2 + 3*a - 2*a**2 + 6*a**2 - 3. Calculate g(2).
-9
Suppose -3*b + 20 = -8*b. Let q(p) = 2*p + 2. Calculate q(b).
-6
Suppose 0 = -2*m + 2*z - 5*z - 8, -3*m - z + 2 = 0. Let i(b) = -5*b + 2. Give i(m).
-8
Let d(o) be the first derivative of -o**3/3 + 3*o**2 + 8*o + 2. What is d(6)?
8
Let h be (3/3 - 0) + -4. Let v(a) = -3*a**2 - 3*a. Let i be 1/(-1 - (0 - 0)). Let u(s) = s**2 + s + 1. Let b(f) = i*v(f) - u(f). Calculate b(h).
11
Let q(a) = 1 - 1 - 298*a + 299*a. Calculate q(-6).
-6
Let g(c) = c**3 - 4*c**2 - 3*c - 10. Let d be g(5). Let s(l) = l + 23. Give s(d).
23
Let a(i) = 6*i**2 + i + 1. Let p be a(-1). Let n(x) = x**3 - 5*x**2 - 6*x + 3. Determine n(p).
3
Let j = -6 - -8. Let o(t) = t + 1. Let y be o(j). Let k(h) = -y*h - h + 1 + 7 - h**2. Determine k(-6).
-4
Let s(p) = 3*p**3 - 6*p**2 - 11*p. Let o(b) = -b**3 + 3*b**2 + 5*b. Let j(a) = 5*o(a) + 2*s(a). Let t be j(-2). Let g(n) = -n**2 - 2*n - 1. What is g(t)?
-1
Suppose -5*z - 8 = -23. Let p(o) = -o + z - 4 - 3 + 0*o. Determine p(-4).
0
Let z(k) = k**2 - 4*k - 2. Let d be z(5). Suppose 0 = -d*q - 2*q + 5. Let o(v) = 2*v + 1. Determine o(q).
3
Let l(i) = 2*i**2 + 1. Let a be l(2). Suppose 4*k - 5*k + 1 = 4*f, -3*f - a = 4*k. Let g(q) be the first derivative of 3*q**4/2 - q**2 + q + 2. Give g(f).
5
Let s = -2 - 1. Let v = s + 3. Suppose v = 5*l - 16 + 41. Let u(z) = z**2 + 7*z + 6. What is u(l)?
-4
Let t(s) = 6*s**2 - 4*s + 3. Let b(i) = -7*i**2 + 3*i - 2. Suppose -12 = -7*n + 4*n. Let p(v) = n*b(v) + 3*t(v). What is p(1)?
-9
Let t(d) be the third derivative of d**6/120 + d**5/10 + d**4/6 - 5*d**3/6 + 15*d**2. What is t(-4)?
11
Suppose -1 = q + 4. Let r(i) be the second derivative of i**3/3 + 7*i**2/2 - 17*i. What is r(q)?
-3
Let a(x) = 2*x - 1. Let h(m) = -m**3 + 17*m**2 - 15*m - 18. Let z be h(16). Determine a(z).
-5
Let d(r) = 3*r**2 - 17*r - 9. Let z be d(6). Let x(q) = -3 + 6 + 2*q - 2. What is x(z)?
-5
Let u(n) = n + 1. Let k be 28/6 + 1/3. Suppose 5*i + k + 1 = -w, 3*w + 5*i = -8. Let j be w/(1/(-4)*1). Calculate u(j).
5
Let s(o) = -o**3 + o - 1. Let y(w) be the second derivative of 3*w**5/10 + 5*w**4/12 - w**3/2 + 3*w**2 - w. Let r(p) = -5*s(p) - y(p). Calculate r(-5).
9
Let c(r) be the second derivative of -r**5/20 - 5*r**4/12 - r**3 - 3*r**2/2 - 4*r. Calculate c(-4).
5
Let h = -5 + 6. Suppose -14 = -3*c + 3*t + 13, h = -c - t. Suppose 4*i - 3*w + 2 = -2, -w + c = -4*i. Let s(r) = 7*r**2 - 1. Calculate s(i).
6
Let j(n) = -4*n + 8. Let b(s) = s + 1. Let a(k) = -3*b(k) - j(k). Let g(d) = d**2 + 5*d + 10. Let w be g(-4). Calculate a(w).
-5
Let p(w) be the third derivative of w**6/60 - w**5/60 - 18*w**2. Calculate p(-1).
-3
Let k be (-68)/18 + (-6)/27. Let d = 36 + -26. Let o(r) = -3 + 9*r - d*r + 1. Determine o(k).
2
Let z(s) = s**2 - 7*s - 6. Let o be z(8). Let y(t) = t - t**3 + 7*t**2 - 13*t**o - 3 + 3*t**2. Give y(-4).
9
Let k(s) = -s - 1. Let a be k(8). Let z = a - -2. Let w(c) = -c - 3. Determine w(z).
4
Let y(t) = t**2 + 4*t + 5. Let x(i) be the third derivative of i**5/15 - i**4/8 + i**3/3 - i**2. Let d be x(2). Suppose 0*a = 3*a + d. Calculate y(a).
5
Let v(j) = j**2 - 2*j. Let h be v(-2). Let o(q) = 4*q**3 + 0*q - 5*q**3 + h - 4*q - 2*q + 7*q**2. Determine o(6).
8
Let i(g) = g + 4. Let z be -2*((-18)/(-8))/(51/34). What is i(z)?
1
Let m(d) = -d - 3 + d - 3*d. Determine m(-3).
6
Let k(v) be the third derivative of v**5/60 - v**4/4 - v**3/6 + 38*v**2. What is k(7)?
6
Let o = 0 - -1. Let f(s) = s**2 - s - 1. Let i be f(-2). Let p(z) = 3*z**2 - 2*z**2 + z + o - i*z. Give p(3).
-2
Suppose -6*i + 5*i + 5*a + 27 = 0, -2*i - 16 = 4*a. Let q(j) = -j**3 - 2*j + 3. Determine q(i).
-9
Let z(p) = 7*p - 3. Let g(c) = -8*c + 2. Let y(d) = -4*g(d) - 5*z(d). Let q = -13 - -18. Calculate y(q).
-8
Let u(d) be the third derivative of d**6/120 - d**5/15 - d**4/6 + 21*d**2. What is u(5)?
5
Let v(f) = f - 5. Suppose 4 = -3*x - 4*i, -2*x - 3*i - 4 = -0*x. Suppose k + k + y = 0, y = -x*k. What is v(k)?
-5
Let m(b) = -2*b**2 + b + 11. Let t(n) = -3*n**2 + n + 12. Let i(u) = 4*m(u) - 3*t(u). Let y = 0 - 0. Let k = y + 0. What is i(k)?
8
Let j(c) = -2 + 3*c**2 + 0 + c**3 + 2*c**2 + c - 3. Let t = -2 + -2. Calculate j(t).
7
Let y(z) = 114*z - 114*z + 1 - 19*z**2. Give y(1).
-18
Let h = -61 - -87. Let k = 20 - h. Let v(d) = -d + 2. Determine v(k).
8
Let x(n) be the third derivative of -n**4/24 + n**3/3 + 8*n**2. Let q = -1 + 2. What is x(q)?
1
Let o(x) = x - 1. Let t(m) = -10*m + 5. Let g(q) = 5*o(q) + t(q). What is g(-1)?
5
Let g(l) = 4*l**2 + 3*l - 5. Suppose -k + 0 = -2. Let w be 2*k/2 - 0. Let d(f) = 21*f**2 + 15*f - 26. Let z(u) = w*d(u) - 11*g(u). Give z(-3).
-6
Let y = -11 + 6. Let w(s) = -8 - s - s + 10 - 8. Calculate w(y).
4
Suppose 22*m - 4 = 21*m. Suppose 4*r - 3*r - m = -3*q, 5*q - 2*r = 3. Let z(s) = 5*s - 1. Give z(q).
4
Let m(g) = -g**3 + 10*g**2 + g. Suppose 2*l = -2*z + 22, 0*l = 5*z - l - 49. What is m(z)?
10
Let s(p) = -p + 2. Suppose 0 = l + 5*v - 5, 3*v + 3 = 9. Calculate s(l).
7
Let n(c) = 3*c**2 - 1. Suppose 5*r - 3*o - 9 - 8 = 0, 4*r + o = 0. Determine n(r).
2
Let w be ((-1)/(-2))/((-2)/(-4)). Let c(j) be the second derivative of -j**3 + 2*j + 1/2*j**2 + 0. Determine c(w).
-5
Let m(n) = n**2 + 1. Let s(j) = -j**2 - 3*j - 4. Let r be 6*1*3/6. Let k = -1 + r. Let z(a) = k*m(a) + s(a). Calculate z(4).
2
Let l(d) = 3*d**2 - 42 - 4*d + 3*d + 40. Give l(2).
8
Let s(g) = 1 - 25*g + 24*g - 9. What is s(-6)?
-2
Let b(v) = -3*v - 1. Let c = 9 + -20. Let l = c - -12. What is b(l)?
-4
Let w = 4 - 1. Let a = 5 - w. Let p(o) = 4*o**3 + 6*o**2 + 5. Let i(q) = q**3 + q**2 + 1. Let g(m) = -5*i(m) + p(m). Give g(a).
-4
Let r(h) = h**3 - 14*h**2 + 12*h + 13. Let p be r(13). Let z(o) = -o**3 + o**2 + o - 26. Calculate z(p).
-26
Let d(v) = 